rime factors of r.
7, 97
Suppose 6*q - 60*q = -2045686 - 129920. List the prime factors of q.
40289
Let k = -742 - -747. Suppose -3*n + k*h = -2340 - 2807, 5*n - 4*h = 8587. List the prime factors of n.
3, 191
Let u = 10599 - 5360. What are the prime factors of u?
13, 31
Let v = -244 - -162. Let y = 543 + -379. Let t = v + y. List the prime factors of t.
2, 41
Let b be (-3 - -5)*2269/(-2). Let a = b + 3560. What are the prime factors of a?
1291
Let w = 3621 + -1315. List the prime factors of w.
2, 1153
Let t(y) = 2*y**2 - 31*y + 83. Let c be t(12). Let z(g) = -599*g**3 + g + 2. List the prime factors of z(c).
2, 3, 5
Let z(i) = -10*i + 43. Suppose 0 = -h - 2*h + 4*l, 15 = 3*h + l. Let n be z(h). Suppose a - 69 = -n*j, -a + 40 = -2*j - 4. List the prime factors of a.
2, 3
Let v(l) = -93*l - 10. Let n = -159 - -59. Let u = n + 98. List the prime factors of v(u).
2, 11
Let n(l) = 321*l**3 - l**2 - l + 7. List the prime factors of n(2).
7, 367
Suppose 3*d + 11*d + 5446 = 0. Let r = d + 821. What are the prime factors of r?
2, 3
List the prime factors of ((-12)/4 - (-511)/(-35))/(34/(-125375)).
2, 5, 11, 59
Let n(y) = -11*y - 104. Let v be n(-9). List the prime factors of -4 + (-4055)/(v/1) - 2.
5, 7, 23
Let x(r) be the first derivative of -11*r**2 + 304*r - 29. List the prime factors of x(0).
2, 19
Let r(z) = -5*z**3 + 66*z**2 - 61*z - 711. List the prime factors of r(-21).
3, 19, 31, 43
Suppose -s + 4 = s. Let f = -357 + 623. Suppose -f = -s*o + 116. List the prime factors of o.
191
Suppose 0 = -146*v + 163*v - 652596. List the prime factors of v.
2, 3, 7, 457
Let t be (2/(-4))/((-3)/(-66)). Let m = 11 + t. Suppose -4*a - a + 4*u = -333, -4*a + 4*u + 268 = m. What are the prime factors of a?
5, 13
What are the prime factors of -1*((-63864)/27 + (-5)/(-15))?
5, 11, 43
Let j(t) = 1110*t + 585. List the prime factors of j(28).
3, 5, 2111
Suppose 13042 + 10418 = 204*v. Let d = -55 + 131. Let b = v - d. What are the prime factors of b?
3, 13
Suppose -4*z - 91 = -i, -2*z - 25 = 2*i + 33. Let n(j) = -3 + 0*j + 5*j**3 + 42*j - 6*j**3 - 22*j**2. List the prime factors of n(z).
3, 47
Let z(r) = r**3 - 9*r**2 + 5*r + 5. Let m be z(8). Let i = 136 + -55. Let u = m + i. What are the prime factors of u?
2, 31
Let b be 3/(3/34*(5 + -6)). Suppose -4*q - 124 = -456. Let c = q + b. List the prime factors of c.
7
Let k = -4826 + 42854. List the prime factors of k.
2, 3, 3169
Suppose p - 3*b - b = 33, b + 38 = 2*p. Suppose -p*g + 2375 = -12*g. Suppose -3*h = 5*x - g, -66 = -x + 5*h + 57. What are the prime factors of x?
2, 7
Let j(l) = l**3 + 36*l**2 - 70*l - 93. Let h be j(-38). Let d(v) = -3*v**3 - 6*v**2 + 5*v + 4. Let q be d(5). Let a = h - q. What are the prime factors of a?
5, 7
Suppose -92*o + 47*o = -94635. What are the prime factors of o?
3, 701
Let m = -2806 - -2830. Suppose -2*r = -r - 2. Suppose -r*j - m = -y, 5*y + 3*j - 26 = 68. What are the prime factors of y?
2, 5
Let z be (-423)/(-18) + 4/8. Suppose -5*o = 15, -26*n + z*n + 1367 = o. What are the prime factors of n?
5, 137
What are the prime factors of (3/2)/(22 + 629012/(-28592))?
2, 1787
Suppose 566 + 149 = 5*a. Let u = 43 - a. List the prime factors of (2 - 6 - u) + 3.
3, 11
Let s be (-22067)/3 + (-50)/(-75). List the prime factors of (-14)/35*(1 + s/5).
2, 3, 7
Let c(a) = 4*a**3 - 159*a**2 - 13*a - 95. List the prime factors of c(40).
5, 197
Suppose 99*l = 94*l + 315. Let m = -60 + l. Suppose m*w - 5*r - 266 = 0, 0 = 3*w - 2*r + r - 262. What are the prime factors of w?
3, 29
Suppose 0*w = 5*w + 2*l + 81, 0 = -5*w - l - 78. Let y be 6 - ((-1)/2)/(w/30). Suppose y*z - 42 = -b, 2*b + 0*z - 128 = z. List the prime factors of b.
2, 31
Let n(h) = -4*h**3 - 3*h + 2*h**3 + h**2 + 2*h. Let b be n(-1). Suppose -b*y - 4*j = -156, 5*j = 2*y - 72 - 13. List the prime factors of y.
2, 5
Suppose 11*j - 8436 = -1704. Suppose 4*w - 5*g - 123 = 688, 3*w - 3*g = j. List the prime factors of w.
11, 19
Let r = -4559 - -7484. List the prime factors of r.
3, 5, 13
Let i = 39 + -38. Let u be i + 846/10 - 30/(-75). Let p = u + -51. What are the prime factors of p?
5, 7
List the prime factors of (54/(-24))/(198/(-283272)).
3, 29, 37
Let u(t) be the second derivative of 3*t**5/20 - 3*t**4/2 + 2*t**3 - 9*t**2 + 35*t. List the prime factors of u(8).
2, 3, 7, 11
Suppose 24*k = 18*k + 5100. Let l = -433 + k. List the prime factors of l.
3, 139
Suppose -3 = -m - 1. Let d be 1722/9 + m/(-6). Suppose -4*h + 3*u + d = -39, -169 = -3*h + 4*u. What are the prime factors of h?
59
Let h be 0*(3/(-6) + 3 + -2). Suppose t + 36 - 40 = h. Suppose -t*j + 4*v + 605 = 77, 3*v - 254 = -2*j. List the prime factors of j.
2, 5, 13
Let b = 13160 + -809. What are the prime factors of b?
3, 23, 179
Suppose 2*l = -z - 14, 3*l - 14 = 2*z - 0*l. List the prime factors of -3 - -692 - z/(-5).
3, 229
Let a(d) be the second derivative of 6*d**3 + 4*d**2 - 2*d. Suppose -6*t = 1107 - 1125. What are the prime factors of a(t)?
2, 29
Let j(p) be the third derivative of p**6/120 + 17*p**5/60 + 7*p**4/12 + 3*p**3/2 - 2*p**2 + 23*p. List the prime factors of j(-13).
503
Let h(s) = -12*s**2 + 8*s - 4. Let q be h(2). List the prime factors of -15*5*516/q.
5, 43
Suppose -7721*g = -7708*g - 94952. What are the prime factors of g?
2, 11, 83
Let p(z) = 5*z**3 + 95*z**2 - 10*z + 34. What are the prime factors of p(-12)?
2, 7, 53
Suppose -3*g = 3*s - 666, 5*g + 95 = -4*s + 991. What are the prime factors of s?
2, 107
Let f be 1900 - (4/(-22) - 78/(-66)). Suppose -3*x - 3*r + 1422 = 0, -7*x - 5*r = -3*x - f. What are the prime factors of x?
3, 157
Let m = -37524 - -59141. What are the prime factors of m?
21617
Suppose 2344 = 4*j - 4*m, 5*j + m = 2*m + 2926. Suppose 0 = 10*o + 3*o - j. List the prime factors of o.
3, 5
Let f(z) = 66*z + 17. Let u be f(-7). Let w = -176 - u. What are the prime factors of w?
269
What are the prime factors of (6 - 7)*(-3 - -1 - 3) - -623?
2, 157
Suppose -2*d - 3*a + 6240 = -2661, -d + 5*a + 4444 = 0. What are the prime factors of d?
3, 1483
Let x be 136412/34 + (-60)/510. Suppose -25*d = -8*d - x. List the prime factors of d.
2, 59
Let g(h) = 52*h - 42 - 29*h + 13*h. Let x be (-66)/(-14) + 2/7. List the prime factors of g(x).
2, 3, 23
Suppose -8 = -2*s + b + 31, 2*b = -5*s + 120. Let d = s - -1001. List the prime factors of d.
3, 11, 31
Suppose -103*d + 38726 = a - 101*d, 2*a - 3*d - 77494 = 0. List the prime factors of a.
2, 7, 2767
Suppose -5*n + 2*n + 2*s = -117, -3*n = -5*s - 117. Let w = n + -37. Suppose -w*d + 140 = 2*d. List the prime factors of d.
5, 7
Suppose x - 124*g = -125*g + 45675, -2*x + 5*g = -91329. What are the prime factors of x?
2, 3, 11, 173
Let o = 2939 - 1844. Suppose 4539 = 4*u + 4*d + o, -4 = 2*d. List the prime factors of u.
863
Let k = -211 - -825. Let b = k + 35. List the prime factors of b.
11, 59
Suppose -7*f + 16 = -2*l - 3*f, -l = -3*f + 11. List the prime factors of l*2/(-8)*0 - -327.
3, 109
List the prime factors of (-18)/(-63) + 402/(-14)*80123/(-57).
181, 223
Let t = -6630 + 15630. What are the prime factors of t?
2, 3, 5
Let q be 6 - (-3)/(9/6). Let z be 9/4 + (-2)/q. Suppose -4*c + 4*p = -104, -c + 4*c - z*p - 75 = 0. List the prime factors of c.
23
Suppose -28*g + 32*g = 3908. Let d = g + 209. List the prime factors of d.
2, 593
Let v be (-20)/(-4)*(-4)/1. Let m be v/35 - 32/(-7). List the prime factors of 3/18*m - 146/(-6).
5
Let g = 1619 - -43. What are the prime factors of g?
2, 3, 277
Let x(r) = -5191*r - 123. What are the prime factors of x(-2)?
10259
Let t(q) = 6311*q**2 + 8*q. List the prime factors of t(-2).
2, 7, 17, 53
Let z(q) = 54*q + 49. Let b be z(-1). List the prime factors of b - -1*(6 - 1) - -31.
31
Suppose -3*q = -16*q - 3562. Let h = 164 + q. Let t = 72 - h. List the prime factors of t.
2, 7, 13
Let q = 72 + 155. Suppose 8*j - 1549 - q = 0. What are the prime factors of j?
2, 3, 37
List the prime factors of -19706*(-3 - ((-19)/10 - (-12)/30)).
3, 59, 167
Let w(y) = 15644*y**2 - 38*y - 74. What are the prime factors of w(-2)?
2, 67, 467
Let d(c) = -9*c**3 - 4*c**2 - 4*c + 55. What are the prime factors of d(-8)?
23, 193
List the prime factors of (-284748)/(-22) - 43/473.
7, 43
Let z(b) = b**2 - 27*b + 130. Let i be z(6). Suppose -w = -2*k + 1076, 1907 = 5*k + i*w - 770. What are 